{"id":930,"date":"2020-10-16T15:54:40","date_gmt":"2020-10-16T15:54:40","guid":{"rendered":"https:\/\/evoteo.fr\/?page_id=930"},"modified":"2025-08-29T11:15:47","modified_gmt":"2025-08-29T10:15:47","slug":"mentions-legales","status":"publish","type":"page","link":"https:\/\/evoteo.fr\/?page_id=930","title":{"rendered":"MENTIONS LEGALES"},"content":{"rendered":"\n<h4 class=\"wp-block-heading\">Contact<\/h4>\n\n\n\n<p>Soci\u00e9t\u00e9 evoteo<\/p>\n\n\n\n<p>40 Bd de l&rsquo;Artillerie, 69007 Lyon<\/p>\n\n\n\n<p>contact@evoteo.com<\/p>\n\n\n\n<p>Directeur de la publication : Th\u00e9odore HANSSEN<\/p>\n\n\n\n<h4 class=\"wp-block-heading\">H\u00e9bergement<\/h4>\n\n\n\n<p>Le site est h\u00e9berg\u00e9 par les serveurs de :<\/p>\n\n\n\n<p>1&amp;1 Ionos Internet SARL<\/p>\n\n\n\n<p>7, place de la Gare<\/p>\n\n\n\n<p>57200 Sarreguemines<\/p>\n\n\n\n<p>France<\/p>\n\n\n\n<h4 class=\"wp-block-heading\">Informatique et libert\u00e9s<\/h4>\n\n\n\n<p>Le site est susceptible de recueillir certaines informations nominatives vous concernant. Ces donn\u00e9es personnelles sont trait\u00e9es conform\u00e9ment au r\u00e8glement g\u00e9n\u00e9ral sur la protection des donn\u00e9es personnelles (RGPD) du 27 avril 2016 et \u00e0 la loi n\u00b078-17 du 6 janvier 1978 modifi\u00e9e relative \u00e0 l\u2019informatique, aux fichiers et aux libert\u00e9s, qui vous autorise \u00e0 demander \u00e0 tout moment \u00e0 avoir acc\u00e8s \u00e0 vos donn\u00e9es personnelles, \u00e0 les rectifier, \u00e0 en demander l\u2019effacement, \u00e0 limiter leur traitement ou \u00e0 vous y opposer. Vous pouvez exercer vos droits, nous contacter ou retrouver toute information utile sur notre <a href=\"https:\/\/evoteo.fr\/?page_id=931\" target=\"_blank\" rel=\"noreferrer noopener\">politique de confidentialit\u00e9<\/a>.<\/p>\n\n\n\n<h4 class=\"wp-block-heading\">Utilisation<\/h4>\n\n\n\n<p>Les informations consultables sur le pr\u00e9sent site ne constituent en aucune fa\u00e7on une offre de services, ni d\u2019ailleurs une offre ou une recommandation ou une sollicitation d\u2019offre de ces services.<\/p>\n\n\n\n<p>Les informations contenues et consultables sur le pr\u00e9sent site sont fournies \u00e0 titre indicatif et informatif par la soci\u00e9t\u00e9 evoteo. Elles peuvent \u00eatre modifi\u00e9es \u00e0 tout moment sans pr\u00e9avis. La soci\u00e9t\u00e9 evoteo ne saurait par ailleurs \u00eatre tenue pour responsable de dommages li\u00e9s \u00e0 la consultation ou \u00e0 l\u2019utilisation du site web par l\u2019utilisateur.<\/p>\n\n\n\n<h4 class=\"wp-block-heading\">Eventuels liens vers d\u2019autres sites<\/h4>\n\n\n\n<p>Le site peut contenir des liens hypertextes donnant acc\u00e8s \u00e0 d\u2019autres sites web \u00e9dit\u00e9s et g\u00e9r\u00e9s par des tiers et non par la soci\u00e9t\u00e9 evoteo. La soci\u00e9t\u00e9 evoteo ne pourra \u00eatre tenue responsable directement ou indirectement dans le cas o\u00f9 les dits tiers ne respecteraient pas les dispositions l\u00e9gales.<\/p>\n\n\n\n<p>La cr\u00e9ation de liens hypertextes vers le site<\/p>\n\n\n\n<p><a href=\"https:\/\/www.linkedin.com\/company\/evoteo\" target=\"_blank\" rel=\"noreferrer noopener\">https:\/\/www.linkedin.com\/company\/evoteo<\/a><\/p>\n\n\n\n<p>doit \u00eatre soumis \u00e0 l\u2019accord pr\u00e9alable du Directeur de la Publication.<\/p>\n\n\n\n<h4 class=\"wp-block-heading\">Propri\u00e9t\u00e9 intellectuelle<\/h4>\n\n\n\n<p>L\u2019utilisation du site ne conf\u00e8re aucun droit. Ces droits restent la propri\u00e9t\u00e9 exclusive de la soci\u00e9t\u00e9 evoteo.<\/p>\n\n\n\n<p>Tous les textes, articles, \u00e9tudes, photos, donn\u00e9es, logos, marques et autres \u00e9l\u00e9ments reproduits sur le site sont r\u00e9serv\u00e9s et prot\u00e9g\u00e9s par le droit de la propri\u00e9t\u00e9 intellectuelle, notamment droits d\u2019auteurs, droits voisins, droit des marques. A ce titre et conform\u00e9ment au Code de la Propri\u00e9t\u00e9 Intellectuelle, seule l\u2019utilisation pour un usage priv\u00e9 dans un cercle de famille est autoris\u00e9e et toute autre utilisation est constitutive de contrefa\u00e7on et\/ou d\u2019atteinte aux droits voisins, sanctionn\u00e9es par le dit Code.<\/p>\n\n\n\n<p>En cons\u00e9quence, vous ne pouvez en aucun cas et d\u2019aucune mani\u00e8re, reproduire, repr\u00e9senter, diffuser, commercialiser, modifier, conc\u00e9der tout ou partie de l\u2019un des \u00e9l\u00e9ments reproduits sur le site et tout ou partie du site en g\u00e9n\u00e9ral, sans l\u2019accord pr\u00e9alable et expresse de la soci\u00e9t\u00e9 evoteo. Toute utilisation illicite de tout ou partie du site (piratage, contrefa\u00e7on etc) pourra engendrer des poursuites<\/p>\n","protected":false},"excerpt":{"rendered":"<p>Contact Soci\u00e9t\u00e9 evoteo 40 Bd de l&rsquo;Artillerie, 69007 Lyon contact@evoteo.com Directeur de la publication : Th\u00e9odore HANSSEN H\u00e9bergement Le site est h\u00e9berg\u00e9 par les serveurs de : 1&amp;1 Ionos Internet SARL 7, place de la Gare 57200 Sarreguemines France Informatique et libert\u00e9s Le site est susceptible de recueillir certaines informations nominatives vous concernant. Ces donn\u00e9es&hellip; <br \/> <a class=\"button small blue\" href=\"https:\/\/evoteo.fr\/?page_id=930\">Lire la suite<\/a><\/p>\n","protected":false},"author":1,"featured_media":0,"parent":553,"menu_order":0,"comment_status":"closed","ping_status":"closed","template":"","meta":{"footnotes":""},"class_list":["post-930","page","type-page","status-publish","hentry"],"_links":{"self":[{"href":"https:\/\/evoteo.fr\/index.php?rest_route=\/wp\/v2\/pages\/930","targetHints":{"allow":["GET"]}}],"collection":[{"href":"https:\/\/evoteo.fr\/index.php?rest_route=\/wp\/v2\/pages"}],"about":[{"href":"https:\/\/evoteo.fr\/index.php?rest_route=\/wp\/v2\/types\/page"}],"author":[{"embeddable":true,"href":"https:\/\/evoteo.fr\/index.php?rest_route=\/wp\/v2\/users\/1"}],"replies":[{"embeddable":true,"href":"https:\/\/evoteo.fr\/index.php?rest_route=%2Fwp%2Fv2%2Fcomments&post=930"}],"version-history":[{"count":4,"href":"https:\/\/evoteo.fr\/index.php?rest_route=\/wp\/v2\/pages\/930\/revisions"}],"predecessor-version":[{"id":1389,"href":"https:\/\/evoteo.fr\/index.php?rest_route=\/wp\/v2\/pages\/930\/revisions\/1389"}],"up":[{"embeddable":true,"href":"https:\/\/evoteo.fr\/index.php?rest_route=\/wp\/v2\/pages\/553"}],"wp:attachment":[{"href":"https:\/\/evoteo.fr\/index.php?rest_route=%2Fwp%2Fv2%2Fmedia&parent=930"}],"curies":[{"name":"wp","href":"https:\/\/api.w.org\/{rel}","templated":true}]}}